hat is the units digit of z?
3
Let s(o) = 9*o**2 - o**3 + o**2 + 1 + 2*o - 10*o. What is the units digit of s(9)?
0
Let h(a) = a**2 + 12*a + 7. What is the units digit of h(-12)?
7
What is the tens digit of -3 - (-13 + (-8 - -4))?
1
Suppose 4*u - 3*y = -1, 2*u + 6 = -2*u - 2*y. Suppose 3*z = -2*z + 45. Let g = z + u. What is the units digit of g?
8
Let z(r) = -r - 6. Let x be z(-5). Let d = 1 + x. Suppose d = 2*a - 4*a + 2. What is the units digit of a?
1
What is the tens digit of 2/(-10) - 141/(-5)?
2
Let i be ((-92)/(-10))/((-1)/(-5)). Suppose i = 5*f - 44. What is the units digit of f?
8
Let i(h) = h**2 - 10*h - 16. Suppose -r + 8 = 5*f, -3*r - 5*f + 2 + 32 = 0. What is the tens digit of i(r)?
2
Let q = -23 - -61. What is the tens digit of q?
3
Let p(w) = 6*w - 18*w + 6*w + 8*w. What is the tens digit of p(13)?
2
Suppose -1 = 2*g - 3. Let c = g + -1. Let p = 5 - c. What is the units digit of p?
5
Let h(b) = b**2 - b - 1. Let g be h(3). Suppose -5*k = -k + 3*d - 527, 0 = 4*k + 5*d - 529. Suppose -g*l = -k + 36. What is the tens digit of l?
1
Suppose 4 = -4*u - 4. Suppose 3*y = 2*y + 6. What is the units digit of ((-3)/y - 2)*u?
5
Let x be (-4)/(-3)*27/18. Suppose b - 4*c = -x, b - 4*c = 2*b - 6. What is the units digit of b?
2
Suppose -4*h + 3*r = -1039, r + 15 = -2*r. What is the hundreds digit of h?
2
Let w(u) = u**2 - 4*u - 12. Let o be w(9). Suppose o - 3 = 5*i. Suppose -x - 2 = -i. What is the units digit of x?
4
Let u(b) be the first derivative of -b**4/4 - b**2/2 + 10. Suppose 0 = -2*i - i - 6. What is the units digit of u(i)?
0
Let c = 3 - 9. Let i be 50/6 - 4/c. Let a = i - 5. What is the units digit of a?
4
Let n(t) = 3*t**2 - 15*t + 5. What is the units digit of n(6)?
3
Suppose -3*a = -5*l + 25, -3*l = 3*a + a + 14. Let c = 2 - -7. Suppose -5 = -l*q + c. What is the units digit of q?
7
Let m be (-905)/(-25) - 3/15. Let u = 55 - m. What is the tens digit of u?
1
Let j(s) = 8*s + 6. Let p be j(-4). Let g = p - -39. What is the tens digit of g?
1
Let o = -141 - -203. What is the units digit of o?
2
Let h = -5 - -14. What is the units digit of h?
9
Let u = 0 + 0. Let j = 13 - u. What is the units digit of j?
3
Let p(y) = -5*y - 5. Let m(r) = -r**2 - 6*r - 6. Let z(b) = -3*m(b) + 4*p(b). Let t = 4 + -2. What is the units digit of z(t)?
6
Let r(g) = -45*g**3 + g**2 - g - 1. What is the units digit of r(-1)?
6
Let g(t) = -2*t**3 - 5*t**2 + 4*t + 5. Let v(c) = -c**3 - c**2 + c - 1. Let s(x) = g(x) - v(x). What is the tens digit of s(-5)?
1
Let r be (-4)/2*(-10)/4. Let k(b) = b + 4. What is the units digit of k(r)?
9
What is the tens digit of (10/20)/((-2)/(-652))?
6
Let r = 5 - 4. Let s be 6 - ((1 - 0) + r). Suppose s*a - 10 = -a. What is the units digit of a?
2
Suppose 3*x - 2*x = v - 6, -2*x - 12 = 4*v. Let q(m) = -m - 5. What is the units digit of q(x)?
1
Let y be 0*1/2 - 6. Let x = 10 + y. What is the units digit of x?
4
Let g(b) = -b**2 - 11*b - 5. Let p be g(-10). Suppose -p*z = t - 56, -2*z + 130 = 4*t - 4. What is the units digit of t?
1
Suppose 0 = 5*j - 250 - 150. What is the tens digit of j?
8
Let a(c) = -3*c + 3. Let n be a(-4). Let v(p) = -p**3 - 7*p**2 + 8*p - 11. Let f be v(-8). Let s = f + n. What is the units digit of s?
4
Suppose -a = -5*c - 181, 3*c + 3 = -12. What is the units digit of a?
6
Let c(d) = d**3 - 5*d**2 - 4*d - 7. Let u be c(6). Let m = u + -1. Suppose 0 = 4*x - 8 - m. What is the units digit of x?
3
Suppose -7 = -3*a + 185. What is the units digit of a?
4
Let v = -428 + 855. What is the tens digit of v?
2
What is the tens digit of 612/20 + 4/10?
3
Let g be ((-9)/12 - -2)*-4. Let p be 2/((g/(-16))/5). Let j = -22 + p. What is the tens digit of j?
1
What is the units digit of 94/(-5 + 3)*-1?
7
Let z be (-75 - -1 - 0)/(-2). Let u = -21 + z. Suppose 2*j + 0*j = u. What is the units digit of j?
8
Suppose 58 = 4*s - 190. What is the tens digit of s?
6
Suppose 4*c - 4 = 0, 2*z + 31 = 3*c + 8. What is the units digit of 1*(z - -1)*-1?
9
Let o(d) = -d**3 - 7*d**2 + 7*d - 7. Let k be o(-8). Let q(f) = 14*f. Let n be q(k). What is the units digit of (2 + n/(-6))*-3?
1
Let n(y) = -y**2 - 5*y + 6. Let s be n(-6). Suppose 3*m - 3 - 3 = s. What is the units digit of m?
2
Let k(v) be the first derivative of 7*v**2/2 - 2*v + 2. What is the units digit of k(2)?
2
Suppose 3*j + 0*j = 9. Suppose j*p = 2*p + 3. Suppose g - 3 - 3 = -3*k, p*g + 4*k - 23 = 0. What is the units digit of g?
9
Let t = -4 - -6. Suppose -3*a + m - 84 = 4*m, m - 44 = t*a. Let r = 43 + a. What is the units digit of r?
9
Let v = -140 + 13. What is the units digit of v/(-5) + 4/(-10)?
5
Suppose -5*d + 24 = -4*d - 4*q, 5*d + q = 15. Suppose -4*w + 6*w = -3*c - 1, 3*c = 5*w + 34. Suppose -b - c*b = -d. What is the units digit of b?
1
Suppose 13 + 3 = 4*a. Let x(g) = g**3 - 5*g**2 + 5*g. What is the units digit of x(a)?
4
Let b be (-1)/(-4) + (-2)/8. What is the units digit of 25 + (b + -2)/2?
4
What is the hundreds digit of (0 + 1)/(-1 - 122/(-121))?
1
Suppose 1054 = 6*l + 40. What is the units digit of l?
9
Let t = 11 - 9. Let l(p) = -4*p**2. Let v be l(-1). What is the units digit of t - (v/(-2) - 2)?
2
Let d be 84/24*(-24)/(-14). What is the units digit of 1/d - (-860)/24?
6
Let j be -2*15/(-6) - 3. Suppose -j*o + 46 = 2*i, 0*i - i - 2*o = -23. What is the units digit of i?
3
Let r = 257 + -158. What is the tens digit of r?
9
Let m(q) = -4*q - 5. What is the units digit of m(-8)?
7
Suppose 0*s - s + 4 = 0. What is the units digit of s?
4
Let s(y) = 2*y - 1. Let r be s(1). Let f(d) = -4*d + 18. Let l(x) = -x + 1. Let p(o) = r*f(o) - 5*l(o). What is the units digit of p(-7)?
6
Suppose 4*v = 17 + 7. Suppose -8 = -3*h - 4*z, h - 3*z - 1 = v. Suppose -2 = h*f - 10. What is the units digit of f?
2
Let o = 55 - -316. What is the units digit of o?
1
Let k(v) = v**3 - 6*v**2 + 2*v - 17. What is the units digit of k(7)?
6
Let p(q) = -q**3 + 7*q**2 + 10*q - 2. Let k(f) = -f**3 + 17*f**2 - 15*f - 8. Let n be k(16). What is the units digit of p(n)?
4
Let g(m) = -2*m**2 - 23*m + 14. What is the tens digit of g(-11)?
2
Let o(j) = -j**3 - 5*j**2 + 6*j + 6. Let k be o(-6). Let a = k - -2. What is the units digit of a?
8
Let g = -206 + 282. What is the tens digit of g?
7
What is the units digit of (2 + -3)/((8/6)/(-4))?
3
Let s(f) = -f + 11. Let c be s(9). Suppose -56 = -c*i + 6. What is the tens digit of i?
3
Let u(v) = -v**3 - 5*v**2 - 6*v - 5. Let a be u(-4). Suppose a*f = -5*i + 87, -2*i - 36 - 4 = -f. What is the tens digit of f?
3
Let r(f) = 6*f**2 - f - 15. What is the tens digit of r(5)?
3
Let n = -11 + 18. Suppose -n + 19 = w. What is the units digit of w?
2
What is the tens digit of ((-1329)/(-36) + 1/(-4))*3?
1
Let w be 0/2 - 24/2. Let a = 6 + w. What is the units digit of 6 - (-3)/a*-2?
7
Let c be 15/6 + 1/(-2). Suppose 2*z + 0*z - 10 = -c*r, -5*z + 3*r = -1. Suppose z*q - 7 = -2*j - j, 4 = -4*j. What is the units digit of q?
5
Suppose 12*c = 9*c + 9. Suppose -3 = -c*p + 6. What is the units digit of p?
3
What is the tens digit of ((-3)/(-2))/(8/240)?
4
Let j = 16 - 36. Let p = -11 - j. What is the units digit of p?
9
Let u(y) = y**3 + 9*y**2 + 6*y - 11. Let n be u(-8). Let l(h) = -h**3 + 5*h**2 + 3*h + 2. What is the units digit of l(n)?
7
Let i(c) = c. Let f be i(4). Suppose f*q = 4*a + 56, 2*q - 22 = 3*a + 5. What is the units digit of 2/8 + q/4?
4
Let m(i) = 0 - i**3 + 7 - 8*i**2 + i + 2*i**2. Suppose 18 = -0*o - 3*o. What is the units digit of m(o)?
1
Let r = -3 - -11. What is the tens digit of (60/r)/(3/6)?
1
Let h(r) = r + 0*r - 2 + 2*r + 5*r**2 + r**3 - 2. Let g be h(-4). Let k = g + 4. What is the units digit of k?
4
Let x be 2/10 - (-9)/5. Suppose 0 = 3*g + x*g - 15. What is the units digit of g?
3
Let q = -98 + 164. What is the tens digit of q?
6
Suppose -5*p + u + 1480 = -4*u, 292 = p - 3*u. What is the units digit of p?
8
Let w(d) = -d**3 - 6*d**2 - 6*d + 1. Let m(l) = l - 1. Let v(b) = 5*b - 6. Let y(z) = 4*m(z) - v(z). Let p be y(7). What is the units digit of w(p)?
6
Let i be 2/(-3)*-12 - -2. Suppose 0 = i*c - 7*c - 27. What is the units digit of c?
9
Let h be 51/9 - 2/3. Suppose h*q = -5*c + 25, -3*q + 25 = -c + 6*c. What is the units digit of c?
5
Let r(i) = 41*i**2 - 2*i - 1. What is the units digit of r(2)?
9
Let s = -30 - -34. Let z(y